 Let n be k(3). What is the remainder when c(8) is divided by ((-2)/(-1) - 0) + n?
3
Let d = -27 - -48. Calculate the remainder when 38 is divided by d.
17
What is the remainder when (1 + -3 + 0)*-28 is divided by (-10)/25 + 291/15?
18
Suppose -7*i = -2*i - 75. Suppose 5*s - 2*s + 93 = 0. Let r = 12 - s. Calculate the remainder when r is divided by i.
13
Let l = -137 + 247. What is the remainder when l is divided by 37?
36
Let g(t) = 9*t + 2. Let z be g(-2). Let u = z + 47. What is the remainder when u is divided by 16?
15
Suppose f - 4 = 0, -2*y + 6 = -5*f - 28. Suppose y = 4*i - i. What is the remainder when i is divided by 5?
4
Let l(o) = o**2 + 5*o - 9. Let b(r) = -5*r + 4*r - 3 - 2*r. What is the remainder when b(-4) is divided by l(-7)?
4
Let c be 8/((-1)/7*2). Suppose 4*y = -23 - 1. What is the remainder when 20 is divided by (c/y)/((-4)/(-6))?
6
Suppose -4*q + 2*q + 12 = 0. Calculate the remainder when q is divided by 3.
0
Let s be ((-8)/(-5))/((-4)/(-100)). What is the remainder when -3*(-4)/12 + s is divided by 7/(0 - 2/(-6))?
20
Suppose 3*o - 133 = -5*v - 27, 4*v - 86 = -2*o. What is the remainder when v is divided by 8?
7
Suppose l + 3*j + 1 = 0, l = 3*l - j - 19. Let f = l + 1. Calculate the remainder when 16 is divided by f.
7
Suppose -4*d - 156 = -4*v, -2*v + v - 2*d + 54 = 0. What is the remainder when v is divided by 15?
14
Let o = 9 + 1. Let j be (-36)/(-10) + (-6)/o. Suppose 3*a + j = 108. What is the remainder when a is divided by 12?
11
Suppose -2*b = f - 148, -b - 138 = -f - 5*b. What is the remainder when f is divided by 40?
38
Suppose 0 = d + 5*s - 23, 1 - 7 = -3*s. Calculate the remainder when 51 is divided by d.
12
Let t(p) = -p**2 + 6*p - 1. Let f be t(5). Suppose -f*n - 18 = 5*w + 2, 3*w - 5 = n. What is the remainder when 9 is divided by -3 + 5 - (w + -3)?
4
Let w(h) = 3*h**2 - 4. Let b(i) = -i - 1. What is the remainder when w(2) is divided by b(-6)?
3
Suppose -5*k - 2*v = -54 - 6, 3*v + 5 = 2*k. Suppose 3*r = 2*c + 13, -4*r + 16 = 4. Let g = c - -20. What is the remainder when g is divided by k?
8
Suppose -t - 3*o - 3 = 0, 0 = -t + 5*t - 4*o - 52. Let m = t + -3. Let l = 15 - m. Calculate the remainder when l is divided by 4.
1
Let g = -50 - -57. Calculate the remainder when 55 is divided by g.
6
Let p(g) = -5*g - 46. Suppose 6 + 33 = 3*s. What is the remainder when s is divided by p(-10)?
1
Let n = 19 - 13. Calculate the remainder when n is divided by 3.
0
Let i(l) = 2*l**3 - 2*l**2 + 2*l. Let c be i(2). What is the remainder when -2 + 2/2 + 21 is divided by 135/c - 3/12?
9
Let p(c) = c**3 + 9*c**2 - 12*c - 13. Let v be p(-10). Suppose 2*l = -2*l + 20. What is the remainder when l is divided by ((-2)/v)/(6/(-42))?
1
Suppose -7*s = 22 - 148. Calculate the remainder when 89 is divided by s.
17
Let w(y) = y**3 + 3*y**2 - 4*y - 1. Calculate the remainder when 27 is divided by w(-3).
5
Suppose -4*b - 4*z = -5*b + 133, 0 = 4*b + 3*z - 570. Suppose 5*s - b = 94. What is the remainder when s is divided by (-64)/6*6/(-4)?
15
Let z(k) = -8*k**3 + k**2 - 1. Suppose -41*x = -48*x + 217. Calculate the remainder when x is divided by z(-1).
7
Suppose -69*i + 67*i + 12 = 0. What is the remainder when 15 is divided by i?
3
Let s(j) = j + 1. Let u be s(3). Calculate the remainder when -5*5/(-25)*5 is divided by 0/(u/(-2)) - -2.
1
What is the remainder when 21/3*60/35 is divided by 7?
5
Suppose f = 2*f - 34. What is the remainder when f is divided by 9?
7
Let d be 1*3 + (-92)/(-4). What is the remainder when (-1 + -20)*d/(-39) is divided by 4?
2
Let i(f) = -f**2 - f - 5. Let o(j) = -3*j**2 - 2*j - 9. Let h(t) = 5*i(t) - 2*o(t). What is the remainder when h(6) is divided by 12?
11
Let d(z) = 4*z**2 - 6*z + 5. Let n = 2 - 5. Let p(s) = -3*s**3 - s**2 + 3*s + 4. Calculate the remainder when p(n) is divided by d(3).
21
Suppose -159 + 5 = -7*d. Let r = 16 - 11. Suppose -2*v - 4 - 2 = 0, -r*v + 195 = 5*u. What is the remainder when u is divided by d?
20
Suppose 5*c = 13 + 62. What is the remainder when c is divided by 4?
3
Suppose -2*s = -4*l - 30, 3*s - 3*l = -2*s + 82. What is the remainder when s is divided by 2 - ((-14)/91 - (-74)/(-26))?
2
Let w(x) = -x**2 + 2. Let o be w(-2). Let h be -1 - -4 - 22*o. Suppose -h = -5*j + 48. Calculate the remainder when j is divided by 10.
9
Calculate the remainder when (33/(-22))/((-1)/2) is divided by 2.
1
Let n(t) = t**2 + 5*t + 3. Let x be n(-6). Calculate the remainder when (3/x)/(1/18) is divided by 4.
2
Suppose 5*i = 434 - 44. What is the remainder when i is divided by 20?
18
Let r be -5 + 3 + -1 + 6. Suppose -r*m + 22 + 11 = 0. Calculate the remainder when 30 is divided by m.
8
Let c(f) = -3*f**3 + f**2 + f. Let b be c(-1). Suppose -2*h - 9 = h + 5*r, -b*r = 2*h + 5. Let o = 2 + h. What is the remainder when 11 is divided by o?
3
Let c(h) = h**2 - 17*h + 37. Calculate the remainder when c(17) is divided by 17.
3
Let s = -9 - -15. Suppose -s = -2*p + 4. What is the remainder when p is divided by 4*(0 + 1/2)?
1
Suppose l = -l - 2. Let a(j) = -4*j - 1. Let p be a(l). Suppose -4*i + w + 31 = -0*w, -w + 25 = p*i. Calculate the remainder when 14 is divided by i.
6
Let c(h) = h + 49. Let x(r) = -r**3 - 7*r**2 - 9*r - 5. Calculate the remainder when c(0) is divided by x(-6).
10
What is the remainder when 4/(-2) + 1/((-1)/(-40)) is divided by 7?
3
Suppose -5*f - 11 = -76. Calculate the remainder when 6/(-4) + (-202)/(-4) is divided by f.
10
Suppose -u + 4*o - 2 = 0, 5*u + o = -3*o - 10. Let t(y) = 2*y + 25. Calculate the remainder when t(0) is divided by (-26 - (0 - 0))/u.
12
Suppose 0*x + 5*x - 3*f - 72 = 0, 0 = 3*f + 12. Calculate the remainder when 18 is divided by x.
6
Calculate the remainder when (1 + 1)*(-117)/(-2) is divided by 20.
17
Suppose -2*h - 3*h + 560 = 0. What is the remainder when h is divided by 23?
20
Let u = -52 - -36. Let q = u - -31. Calculate the remainder when 44 is divided by q.
14
Suppose 0 = 5*c - c + 8. What is the remainder when (c - -3)/(1/17) is divided by 6?
5
Let s be (-3 + 3 - -2) + -36. Suppose 5 = 3*w - 2*w, -t + 5*w - 17 = 0. What is the remainder when t is divided by (-6)/9 - s/6?
3
Calculate the remainder when (0 + 22/(-10))*-5 is divided by (12/10)/(1/5).
5
Suppose b = -3*t - 0*b + 121, -t - 3*b + 35 = 0. Suppose -9 = -5*x + t. Let a(r) = 2*r**2 - r + 3. What is the remainder when a(3) is divided by x?
8
Suppose 0*x - 24 = 2*x + 5*k, -5*x - 79 = 3*k. Let b = 9 + x. Let s = b + 17. Calculate the remainder when 16 is divided by s.
7
Suppose 4*o = -0*o - 2*u + 8, -15 = -5*o - 5*u. Let y = 6 + o. Calculate the remainder when (4 + 1)/((-3)/(-12)) is divided by y.
6
Let i be 1*3 + 0 + -1. Suppose i*n + 2 = 3*n. Suppose n*a - 3 = a. What is the remainder when 9 is divided by a?
0
Let i(u) = 13*u**3 + u**2. Calculate the remainder when 40 is divided by i(1).
12
Suppose -2*k = -0*k - 34. Suppose 0*b + b - 4 = 0, 5*z - 3 = 3*b. Suppose 3*t = z*l + t - 29, -2*l = -5*t - 23. What is the remainder when k is divided by l?
8
Suppose 0 = 2*p - 4*p. Let o(g) = g + 32. What is the remainder when o(p) is divided by 17?
15
Suppose -20*i + 27*i = 1036. Calculate the remainder when i is divided by 25.
23
Let a = 184 - 106. What is the remainder when a is divided by 27?
24
Let u(t) = t**3 - t**2 + t + 2. Let q be u(2). Suppose 0 = -5*b - 15, 2*b - q - 40 = -3*c. Calculate the remainder when c is divided by 5.
3
What is the remainder when 23 is divided by 9/36 + (-46)/(-8)?
5
Let q(j) = -3*j + 6. Let h be q(5). Let w(n) = 3*n**2 + 2*n - 2. What is the remainder when 3 - 3/(h/21) is divided by w(-2)?
4
Suppose -3*o + 5*o - 39 = 5*b, 0 = 3*b - 3. Suppose -6*y + 4*y + o = 0. What is the remainder when 54 is divided by y?
10
Suppose 2*b - 3*n + n = 36, 0 = -4*b - n + 87. What is the remainder when 102 is divided by b?
18
Let d be -1*(-2 - -2) + 0. Suppose d = 4*r + 2*r - 72. Calculate the remainder when 45 is divided by r.
9
Let f(l) = l**3 - 9*l**2 + 3*l + 11. What is the remainder when 149 is divided by f(9)?
35
Let n(v) = -3*v**3 - 2*v**2 - v - 4. What is the remainder when 41 is divided by n(-2)?
13
Let h(g) be the second derivative of -g**3/6 - 3*g**2/2 + g. What is the remainder when 6 is divided by h(-7)?
2
Suppose 0 = 4*f - 5*f + 12. Calculate the remainder when 34 is divide